e -2*k + 40 = -r - 4*r, -4*k + 5*r + 100 = 0. Let g(c) be the first derivative of -33*c**2 + 3*c - 3*c + 5 + k*c**2. Calculate g(-2).
12
Let p(f) = 4*f + 11 - 3*f - 7 + 12. Suppose 15*s - 60 = 21*s. What is p(s)?
6
Let w(c) = 4*c**2 - 25*c + 1. Let l(q) = 24*q**2 - 153*q + 2. Let i(j) = -2*l(j) + 13*w(j). What is i(4)?
-3
Let i(q) = -423*q - 6. Let t be i(1). Let m = t - -421. Let z(b) = b + 12. Determine z(m).
4
Let c(u) = 7*u**2 - 83*u + 54. Let w be c(11). Let h(m) = -m**2 - 14*m - 17. Determine h(w).
7
Let k(h) = 6*h - 13. Let p = -277 + 273. Let v(n) = -3*n + 7. Let z(o) = p*k(o) - 9*v(o). Give z(7).
10
Let f(r) = 3*r - 25. Let i be ((-10)/3)/(235/(-705)). Calculate f(i).
5
Suppose 2 = -2*z - 2. Let b(p) be the first derivative of p**3 + 2*p**2 + 2*p - 1557. What is b(z)?
6
Let t(l) be the first derivative of l**3/3 - 11*l**2/2 + 2*l + 1785. Give t(11).
2
Let h(f) be the third derivative of f**5/30 + f**4/6 - f**3/6 - 7*f**2. Let p = 415 - 412. Give h(p).
29
Suppose 30 = 4*g - 3*t, 2*t - 40 = -2*g - 2*g. Let r(c) = -13*c**2 - 23*c - 5. Let z(p) = -6*p**2 - 11*p - 2. Let l(q) = g*z(q) - 4*r(q). Calculate l(-5).
-13
Suppose 0 = 52304*z - 52240*z - 704. Let d(t) = -5*t + 1 + 14 + 3*t. Determine d(z).
-7
Let z(n) = -2*n**3 + n**2 + n - 1. Let k = -286 + 287. Let a be z(k). Let h(i) = -35*i**2 - i. What is h(a)?
-34
Suppose 0 = 467*r - 456*r - 22. Let l(t) = t**2 - 2*t + 7. What is l(r)?
7
Let y be 28/(-21)*(-45)/(-6). Let l(i) be the first derivative of i**2/2 - 2027. Calculate l(y).
-10
Let n(o) be the first derivative of -7 - o - 1/2*o**2 - 1/4*o**4 + o**3. Suppose -1 = -4*u + 7. Determine n(u).
1
Let s(c) = -c**2 - 9*c - 15. Let l(t) = -200 + t**2 - t**2 + 193 - 16*t - t**2. Let r be l(-16). What is s(r)?
-1
Let y(d) be the second derivative of d**5/20 + d**4/12 - 17*d**3/6 + 5*d**2/2 + d - 246. Give y(4).
17
Let b(i) = -i**3 + 11*i**2 + 3*i - 16. Let v be b(11). Let y = v - 8. Let h be (y + -6)*8/12. Let p(k) = k**2 - 2*k + 1. Give p(h).
1
Let d(r) = -5*r - 11. Let h = 1266 + -1277. What is d(h)?
44
Let b(m) = -2*m**3 + 9*m**2 - 2*m - 4. Let h be b(4). Let v(l) = -3 + 4 + 7 - 8*l + 2. What is v(h)?
-22
Let h be (-140)/25*(-3)/24*-20. Let r(q) = -29*q - 398. Let b be r(h). Let u(x) = x**2 - 9*x + 4. What is u(b)?
-4
Let w = -2425 + 2422. Let k(q) = -11*q - 35. Give k(w).
-2
Let g(z) = 10*z + 40. Let k be 8/(-14)*42/24*4. Determine g(k).
0
Let y(x) = -5*x + 27. Let l = 17 + -18. Let n(a) = 4*a**2 - 3*a - 2. Let g be n(l). Let c be y(g). Let f(m) = 2*m**2 + 3*m - 1. What is f(c)?
13
Let j(i) = 21*i**2 + 45*i + 1. Let y be -2*19/16 - 2382/(-6352). Determine j(y).
-5
Let t(f) be the first derivative of f**2/2 + 11*f - 1824. Give t(-4).
7
Let f(a) = a**3 + 26*a**2 - 2*a - 48. Let u be f(-26). Suppose 4*z = -3*x + 35, -3*x - 17 = -2*z - u*x. Let l(i) = i - 7. Give l(z).
1
Let w(z) = -z**2 - 9*z - 12. Let x(y) = 3*y**2 + 159*y - 2574. Let c be x(13). Calculate w(c).
-12
Suppose 63*o + 5 = 58*o. Let b(l) = -67*l**3 - l**2 + 1. Give b(o).
67
Let a = -6460 + 6460. Let b(j) = 15*j + 15. Calculate b(a).
15
Let v(h) = h**2 + 28*h + 147. Let d(y) = -3*y**3 + 307*y**2 - 407*y + 296. Let i be d(101). Calculate v(i).
0
Let t(q) be the second derivative of -20*q + 5/6*q**3 - 1/24*q**4 - 5*q**2 + 0. Let a(c) be the first derivative of t(c). Determine a(4).
1
Let n(x) = -7*x**2 + 5308*x + x**3 - 10625*x - 4 + 5315*x - 3*x**3. What is n(-5)?
81
Suppose -2*n - 4*d - 6 = 0, -9 = -d - 7. Let i(m) = -m**2 - 4*m + 1. Determine i(n).
-20
Let p(t) = 5*t - 41. Let h be p(11). Let i(x) = -13 + h - 8 - 3*x. What is i(-8)?
17
Let w(d) be the first derivative of d**3/3 + 5*d**2/2 - 3*d - 261. Let n = 51 + 4. Let b be 22/n - 64/10. Determine w(b).
3
Let n(t) be the second derivative of -t**4/12 - 5*t**3/6 - 2*t**2 + 4*t. Suppose 69*s = 24*s - 180. Give n(s).
0
Let d = -608 - -611. Let f(i) = 47*i - 6*i**2 - 24*i - i**3 + d - 15*i. Determine f(-6).
-45
Suppose -15 = 10*v + 35. Let u(a) be the third derivative of -a**5/60 - 7*a**4/24 + a**3/6 - 561*a**2. Determine u(v).
11
Let b(o) = -2*o - 80 - 21*o**2 + 6*o + 23*o**2 + 17*o. Give b(3).
1
Suppose x + 66*k - 18 = 62*k, -3*x - 4*k + 22 = 0. Let a(u) = u**3 + u**2 - 2*u. What is a(x)?
8
Let y(f) = -9*f**3 - f + 5 + f**2 + 8*f**3 - f**3 + f**2 - 8. Calculate y(0).
-3
Let p = -566 + 575. Let h(v) = 2*v - 6. Let n be h(7). Let i(x) = 1 + 1 + p*x - x**2 + 0 - n. Give i(7).
8
Let d(u) = 5*u**3 - 13*u - 12. Let q be ((-5)/(-20)*4)/(-1). What is d(q)?
-4
Let r(a) = -a**2 + 8*a + 2. Let o(h) = -h**3 - 3*h**2 + 8*h - 7. Let b = -50 - -45. Let l be o(b). Suppose -4*j = 5*w - 48, 3*j - l = w + 14. What is r(j)?
9
Let i(x) be the second derivative of -x**3/2 + 13*x**2/2 + 464*x + 1. Give i(4).
1
Let m(j) be the third derivative of j**4/4 - 13*j**3/3 + 23*j**2. Let v(l) = l - 5. Let a(g) = -3*m(g) + 16*v(g). Give a(5).
-12
Let v(h) = -6 - 6*h - 4*h**2 + 0 + 4*h. Let u(k) = -7*k**2 - 3*k - 13. Let b(q) = -3*u(q) + 5*v(q). Let r = 1569 - 1569. Determine b(r).
9
Let n(p) be the third derivative of p**6/60 - p**5/6 - p**4/6 + 16*p**3/3 + 457*p**2 + 2*p + 2. Give n(5).
12
Let y(g) = -5*g + 25. Let n be (35 + -21 + -19)/((50/(-12))/5). Give y(n).
-5
Let q(g) = 17 + g**2 - 162*g + 65*g + 2 + 79*g + 17. Calculate q(17).
19
Let q(c) = 11*c + 8. Let x(y) = 8*y - 100. Let u be x(12). Let r(j) = -9*j - 7. Let l(o) = u*r(o) - 3*q(o). Give l(-7).
-17
Let q(r) = -2*r**2 + 6*r + 2. Let t(f) = -2*f**2 + 4*f + 2. Let b(c) = 2*q(c) - 3*t(c). Suppose 2 - 2 = -40*s. What is b(s)?
-2
Let w(g) be the second derivative of -g**5/20 + 7*g**4/12 + 11*g**3/6 - 9*g**2 - g. Suppose -34*q - 811 = -1083. Determine w(q).
6
Let c(w) = -7*w - 2. Let q(t) = -24*t - 6. Let k = 96 + -89. Let s(o) = k*c(o) - 2*q(o). Calculate s(-5).
3
Let p = -25118 - -25123. Let a(y) = -2*y**3 + 7*y**2 + 2*y - 11. Calculate a(p).
-76
Suppose 16*p - 4*p - 48 = 0. Let a(m) = -3 + p - 5*m - 11*m**2 + 2 + 12*m**2. Suppose -9 - 7 = -4*r. What is a(r)?
-1
Let u = 1668 - 1683. Let t be (-12)/u - (-5)/(50/(-78)). Let a(m) = -m - 1. Let c(j) = -2*j - 2. Let y(x) = 10*a(x) - 6*c(x). Calculate y(t).
-12
Let w(z) = 2*z**2 - 29*z + 130. Let d be w(7). Suppose -d*h + 8 = 258. Let i(g) = g**3 + 10*g**2 + 2*g + 19. Give i(h).
-1
Let n = 2083 + -2077. Let t = -4 + 9. Let i(d) = -n*d + 4*d + t*d + 6. What is i(-5)?
-9
Let i(m) = -3*m**3 + 4*m**2 - m + 1. Let j(z) = -5*z**3 + 3*z**2 + 2*z + 5. Let h(d) = 2*i(d) - j(d). Suppose -3*a + 22 = -a. Let o = 15 - a. What is h(o)?
-3
Let x(s) be the second derivative of s**3/2 + s**2/2 - 3*s - 3. Suppose -39 = -6*d + 3*d. Suppose 5*k - 2 = d. Calculate x(k).
10
Let b(i) be the second derivative of i**5/20 - i**4/2 - 15*i**2 - 231*i + 2. Determine b(7).
19
Let p(k) = -7*k**2 - 39*k + 17. Suppose 608*o - 6 = 610*o + t, -4*o = 4*t. Calculate p(o).
-1
Let k(i) = -5*i - 10. Let c = 490 + -485. Suppose -c*y + 3*w - 7*w = 36, 5*w = -5*y - 35. Calculate k(y).
30
Suppose -105 = -37*p + 16*p. Suppose -13*b + 5*z = -8*b - 45, 0 = -3*b - p*z + 3. Let t(r) = r**3 - 8*r**2 + 12*r + 5. What is t(b)?
5
Let r(h) be the second derivative of h**4/12 - h**3 - 4*h**2 + 540*h. Determine r(-6).
64
Let b(g) = 2*g + 13. Let y = 3013 + -3005. Determine b(y).
29
Let q be 2*7 - (2 + 0). Let n(h) = 451*h**2 - 2 + 440*h**2 - 892*h**2 - 16*h + 26*h. Calculate n(q).
-26
Let n(b) = -b + 10. Let v(a) be the first derivative of a**2 - 16*a + 19. Let m be v(9). Suppose 5*h - 37 = 3*p, -h + m*p = p - 9. Calculate n(h).
5
Let w(q) = -9*q - 6*q + 2*q. Suppose -x - 5*y + 66 - 75 = 0, -3*x + 7 = -2*y. What is w(x)?
-13
Let m(p) = p**2 - 2*p + 3. Let d be 2/(-14) + -2*(-29)/14. Suppose d*f - 8 = 2*f. Let l(w) = -3*w**2 + 5*w - 8. Let i(a) = f*l(a) + 11*m(a). What is i(-2)?
1
Let n(b) = -2*b**3 - 24*b**2 + 30*b + 571. Let f be n(-11). Let o(h) be the third derivative of h**6/24 - h**5/60 + h**4/8 + h**3/2 - 3*h**2. Give o(f).
-6
Let k(w) = 2*w**3 + 24*w**2 + 3*w + 39. Let g = -23839 - -23827. Give k(g).
3
Let j = -18 - -28. Suppose 5*x + 0 = 4*a + 7, -j = -2*a - 2*x. Let n(k) = -a*k - 9 + k + 0*k + 12. Determine n(-5).
8
Let s be (42/(-49) - (6/(-7) - -6))/(-2). Let h(c) = -c**3 + c**2 - 2*c - 10. Give h(s).
-34
Let z(d) be the second derivative of -d**3 - d**2 + d + 25 - 1/12*d**4. Suppose -4*o = -2*n + 4 +